4 - 348. Let m(z) = z**2 - 14*z + 1. Let v be m(20). Calculate the highest common divisor of v and w.
11
Suppose -12*o - 180 = -4296. What is the greatest common divisor of 392 and o?
49
Let c be 22/((-15)/(-12) + -1). Let q = -3052 + 3060. Calculate the highest common factor of c and q.
8
Let a(p) = 2*p**3 - 75*p**2 - 28*p - 209. Let n be a(39). Calculate the highest common divisor of 28 and n.
14
Let m(a) = -3*a**3 + 21*a**2 + 15*a - 66. Let q be m(7). Calculate the highest common factor of 1053 and q.
39
Let h be (-16)/(2/(-6)*1). Suppose -921710*x + 921765*x - 3960 = 0. What is the greatest common divisor of h and x?
24
Let d be (-20)/8*26560/(-16). What is the highest common divisor of d and 50?
50
Suppose -14*x = -8*x - 216. Suppose -3*r - 2*o + 3671 = 0, 5*r = -34*o + x*o + 6129. Calculate the greatest common factor of 49 and r.
49
Let c = 51 + -96. Let j be (c/25)/((-2)/30). What is the greatest common factor of 27 and j?
27
Suppose 17*a = 6*a + 341. Let w be 1/(40/(-13) - -3). Let q = a + w. Calculate the highest common divisor of 2 and q.
2
Suppose 1125 = x - 5*q, -30*x - q - 3333 = -33*x. Calculate the greatest common factor of 270 and x.
30
Let d = 146 + -146. Let l(h) = 64*h - 1. Let b be l(1). Suppose d*y = -z + 5*y, b = 4*z + y. Calculate the highest common factor of z and 60.
15
Suppose 0 = -2*k + 3*q + 10 - 3, -k + 16 = -4*q. Let n be 19 - 16 - (-2)/(k/(-14)). What is the highest common factor of n and 290?
10
Let j = -35 - -51. Let w be 2 + (12 - (8 + -3)) - 1. Calculate the greatest common factor of j and w.
8
Let u = 6 - 6. Let v(c) = -c + 20. Let g be v(u). Let f = -1039 + 1044. What is the highest common factor of g and f?
5
Suppose -320*l - 7340 = -310*l. Let x = 741 + l. Calculate the greatest common factor of x and 707.
7
Let h(d) = 6*d - 1. Let w be h(4). Suppose w = a + r, -2*a = -3*a + 3*r + 3. Suppose a*q = 23*q - 200. Calculate the highest common divisor of q and 8.
8
Let j(n) = 26 + 21 - n - 7*n. Let i be j(11). Let t = 5 - i. What is the greatest common divisor of t and 115?
23
Let t be 9/3 + -9 + (-8 - -17). Let i(m) = 1. Let l(n) = -n + 15. Let y(c) = -5*i(c) + l(c). Let o be y(7). What is the greatest common factor of t and o?
3
Let m = 5132 + -4753. What is the greatest common factor of m and 1?
1
Let y(a) = -a**3 - 5*a**2 - 2*a + 4. Let u be y(-6). Suppose 14*q = q - u. Let j be 11 - q/(1 + 3). What is the highest common divisor of 30 and j?
6
Let o(j) = 3*j**2 + 19*j + 4. Suppose -8 = t - 0. Let r be o(t). Let n(y) = y**2 - 4*y - 1. Let b be n(6). What is the greatest common divisor of r and b?
11
Suppose 2128 = -23177*d + 23191*d. What is the highest common factor of 16 and d?
8
Suppose 465795 = -8*j + 33*j + 20*j. What is the greatest common factor of 11 and j?
11
Suppose 0 = -82*n + 87*n - 20. Suppose 3*r + 361 = n*l, -5*l - 183 + 640 = 2*r. Calculate the greatest common divisor of l and 13.
13
Let d(u) = -u**2 + 32*u - 75. Let h = -224 - -253. Let n be d(h). What is the greatest common factor of n and 12?
12
Let i(u) = u**3 + 5*u**2 + 2*u + 10. Let w be i(-5). Suppose 4*j - 203 = 2*l - 59, w = -j + 3*l + 46. Calculate the highest common divisor of j and 68.
34
Let f(w) = -w**2 + 19*w + 29. Let s be f(20). Suppose 0 = -s*i - i + 150. What is the greatest common divisor of 4 and i?
1
Let y be -9 + -8 + -3*1. Let q be y/(-4 + 54/14). Suppose -4*x - q = -11*x. Calculate the highest common divisor of x and 20.
20
Let q = 311 - 297. Let v be (504/10)/(5/25). Calculate the greatest common divisor of v and q.
14
Let c be (-1800)/(-800) + 831/4. Calculate the greatest common factor of 15 and c.
15
Suppose 11*g = 13*g - 506. Let n be 0 + 107 + -1 + 5 + -1. Let u = g - n. What is the greatest common factor of 11 and u?
11
Let s(f) = f**2 - 10*f + 21. Let h be s(3). Suppose 7*r - 35 - 91 = h. Calculate the greatest common factor of r and 306.
18
Let n = 52 - 48. Suppose -3*i = 3*y - 12, -3*i = n*y - 2*i - 16. Suppose 0 = -y*q - 0*q - 16, 5*q = -3*a + 118. What is the greatest common factor of 23 and a?
23
Suppose -6 = -3*l, 0 = -5*q - 2*l + 13 + 1. Suppose -5*a = g + 24, 0*a - g = -2*a - 11. Let x be 2/a*q*-60. What is the highest common factor of 18 and x?
6
Let u(v) = 5*v**2 - 15*v - 42. Let f be u(-5). Let b = f + -104. What is the greatest common factor of b and 12?
6
Suppose -4*j + 46 = -2*j. Suppose j*h + 108 = 24*h. Let t(o) = o**2 + 4*o - 41. Let y be t(-11). What is the highest common divisor of h and y?
36
Suppose l + 5*a - 48 = 0, -l = -2*a + 4*a - 36. Suppose -l*i - 108 = -34*i. What is the greatest common divisor of 18 and i?
18
Suppose 12*d - 50 - 10 = 0. Suppose 4*p = -5*o + 242, d*o - 252 = -2*p + 3*p. What is the greatest common divisor of 110 and o?
10
Suppose 126 = 2*k - 52. Let y = k - 88. Suppose x + y = 19. What is the greatest common factor of 36 and x?
18
Suppose 0 = 2*z + 6, 3*c - 8*c = 4*z - 6873. Calculate the highest common divisor of c and 324.
81
Let a(k) = k**2 + 32*k + 248. Let w be a(-12). Calculate the greatest common factor of 1496 and w.
8
Let m(j) = -2*j**2 + 10*j - 8. Let q(w) = 4*w**2 - 21*w + 17. Let r(k) = -5*m(k) - 2*q(k). Let i be r(4). Calculate the greatest common factor of i and 50.
2
Let d = 71 + 34. Calculate the highest common divisor of d and 49.
7
Let n = -6837 + 6860. Suppose 3*h - 4*x + 0*x - 11 = 0, 2*h - 26 = -2*x. Let q be 1*(-3)/(h/(-69)). What is the highest common divisor of n and q?
23
Let f(o) = -40*o + 83. Let l be f(10). Let y = l + 356. Calculate the highest common factor of 3 and y.
3
Suppose 13*a = 582 + 2772. What is the highest common factor of 4 and a?
2
Let q = -29 + 47. Suppose -1167*w - 96 = -1171*w. What is the greatest common divisor of w and q?
6
Let w = -493 + 488. Let g be (-273)/(-7) - (-10 - w/1). Calculate the greatest common divisor of 77 and g.
11
Suppose -q = -4*y + 14015, 34*y + 7018 = 36*y - 4*q. What is the greatest common divisor of y and 113?
113
Suppose 4*r + 4*f = 4, -2 = 2*r + 4*f - 0. Calculate the highest common divisor of 57 and r.
3
Let b = 59 + -60. Let h = b + 4. Suppose 0 = 4*f - h*y - 140, f + f - y = 70. Calculate the greatest common factor of f and 385.
35
Let l = 992 + -1436. Let c = l - -246. Let x = -132 - c. What is the greatest common factor of x and 44?
22
Suppose 1476 = -17*g + 1645 + 2211. Calculate the greatest common factor of g and 5180.
140
Let n = -15 - -43. Let v be (n - 2)/((0 - 3) + 2). Let h be ((-124)/7 + 2)*(v + 19). Calculate the greatest common divisor of 10 and h.
10
Suppose 0 = 4*t + 4*b - 8, -3*t + b - 2 = -0*b. Suppose -4*k + 4*o = -392, -6*k + 10*k + 2*o - 380 = t. What is the greatest common factor of 36 and k?
12
Suppose -20*k = 64 - 2024. Calculate the highest common divisor of k and 49882.
98
Let u(n) = 59*n**2 - 4*n - 38. Let g be u(-5). Calculate the highest common divisor of 31 and g.
31
Suppose 18 + 0 = 6*l. Suppose 0 = -20*f + l*f + 136. Calculate the highest common divisor of f and 184.
8
Let x(f) = f**3 + 45*f**2 + 82*f - 92. Let i be x(-43). Suppose 557 = 5*l - 3*u, 125 = l - u + 14. What is the highest common divisor of i and l?
16
Let l(d) = -114*d - 111. Let z(i) = 116*i + 112. Let n(t) = 6*l(t) + 5*z(t). Let r be n(-4). Calculate the highest common factor of 20 and r.
10
Suppose 0 = 10*f - 4*f - 912. Let q be (-7)/((-98)/f) - (-1)/7. What is the greatest common factor of 55 and q?
11
Suppose -2*s = -5*s - 5*u - 18, -24 = 4*s - 3*u. Let j be 342/19 - s/2. What is the highest common factor of j and 12?
3
Let r be (1 - 1)*(-16)/(-32). Suppose r = -2*l + 196 - 184. Calculate the greatest common factor of 3 and l.
3
Let g = 6230 - 6179. What is the highest common factor of g and 187?
17
Let z(y) = -y**3 + 15*y**2 + 90*y + 28. Let i be z(14). What is the highest common factor of 98 and i?
14
Let y(z) = -z**3 + 25*z**2 + 29*z - 76. Let j be y(26). Let m be j/(-12) + (-1350)/(-324). What is the highest common divisor of 388 and m?
4
Let q = -28649 - -28859. Calculate the greatest common factor of q and 8960.
70
Let l(h) = h**2 - 11*h - 32. Let o be l(-4). Let z be -1 - 1*o/(-4). Calculate the highest common factor of z and 18.
6
Let a(b) = 66*b - 1858. Let l be a(32). What is the highest common divisor of 11557 and l?
127
Suppose 374*p - 50232 = 350*p. What is the highest comm